lculate 520 - 535 - (4 - (3 - 4) - -1).
-21
24 + 26 + -34 + -50
-34
What is the value of -7 + 20 + (5 + (3 - 2) - 32) - -104?
91
What is the value of -1 + -5 - (70 - 98)?
22
Calculate -25 + -11 + 78 + -51.
-9
Calculate (0 - 25 - 1) + -10 + -248 + 258.
-26
What is -1 - (65 + 0 + 9 + -27 + 23)?
-71
What is the value of -8 + (18 + -7 + -11 + (-1 - -9) - -49)?
49
Calculate -21 + 1 - (-14 + -3 + -23).
20
What is the value of -2 - 67 - ((-23 - 1) + (1408 - 1385))?
-68
(29 + -35 - (-27 - 5)) + 20
46
What is -93 + 116 + -46 + 94?
71
-31 - (-16 + (-2 - (-21 - -12)))
-22
What is (-1088 - -1103) + (-2 - -4 - 27)?
-10
Calculate 89 + -2 - (-148 + 59 + 124).
52
Evaluate 154 + 98 + -227 + (-2 + 14 - 0).
37
Calculate (49 - 3) + 4 - (-30 + (6 - -24)).
50
Evaluate (21 + 5 - 120) + 56.
-38
What is -17 + 23 + -22 + -9 - -110?
85
What is the value of -8 - 17 - -40 - 23 - (-66 - (-6 + 8))?
60
What is 5 - (-1 - (3 + 0) - 4 - (-181 - -191))?
23
Calculate -17 + 31 + 2 + -4 + 5 + -39.
-22
Evaluate 160 + (-44 - (10 - -82)).
24
-21 + (19 - (11 + (-12 - -9))) + -8
-18
(-2 - 0 - -2 - (-7 + (-1 - -17))) + 37
28
Evaluate -2 + 37 + -20 - (5 - (1 - -7)).
18
Evaluate (51 - 47) + 14 + 21.
39
What is (-4 - -22) + -6 + (-16 - -6) + 5?
7
Evaluate -15 - 19 - ((0 - 3) + 54).
-85
Calculate (-21 + -32 + 73 - (-68 - -6)) + 17.
99
(-13 - -7) + 168 - (143 - 102)
121
What is the value of -83 + (-36 - 2) + 57 + 1?
-63
What is the value of -52 - (-99 + 56) - (63 + 2 + 1 + -1)?
-74
Calculate 53 - (48 - (74 + -30)).
49
What is 3682 + -3694 + (34 - (-2 - 1))?
25
Evaluate (61 - -1) + 1243 + -1269.
36
Calculate (-50 - -24) + -38 + (6 - (6 - 11)).
-53
What is the value of (-55 - -68) + -49 + 34 + 10?
8
-26 - (-17 - (31 + -21)) - -26
27
Evaluate -1 + (4 + 0 + -3 - -7) - (-1076 + 1146).
-63
What is the value of -21 + 31 + (8 - 22) - 7 - (-1 - -102)?
-112
Evaluate -4 + 10 - -19 - (725 - 722).
22
Evaluate (2 - 0 - (6 - -4 - 17)) + -36 + 75.
48
What is the value of (0 - (-1 - -26)) + -206 + 207?
-24
What is 19 - (8 - (26 + -16 + 13))?
34
What is the value of -9 - ((92 + -17 - 36) + -108)?
60
Calculate -9 - (9 + (-35 - -5) + (27 - 21) + -10).
16
Calculate -1 + (26 - 4 - 9 - 2) - (3 - 3).
10
What is the value of 29 + 1 - (-37 + 57) - -4?
14
Calculate 14 - (5 + -14 + 11 - -13).
-1
Evaluate -31 - (-151 - -76 - -85).
-41
What is 61 + 10 - (64 + 101)?
-94
What is 2 - 38 - (-55 - 13 - -50)?
-18
-23 + 24 + (-3 - -75) - (12 - 26)
87
Calculate (1 - (50 + 0)) + (-2887 - -3029).
93
Calculate (26 - 25 - (-5 - 0) - (-7 + 7)) + -4.
2
44 - (-20 - (-14 - (-6 - (-6 + 9))))
59
(-15063 - -15049) + (1 - 39 - (-2 + 2))
-52
Calculate 66 - (8 - 5 - -8).
55
What is the value of -44 - (-16 + 16 + -40 - -22)?
-26
Calculate -26 + -61 + (72 - 0).
-15
Calculate 1 + 4 + 1 - (-27103 + 27153).
-44
42 + (-16 - (70 - 163))
119
Evaluate (-6 - 6) + 16 + -1 + -47 + 61 + -114.
-97
What is the value of (20 - (89 + -30)) + 17?
-22
What is 11 + (-2 - -22 - 12 - (-10 - -40))?
-11
What is the value of (8 - (-37 + 18)) + -16 - -28?
39
Evaluate -34 - (28 - 21) - -23.
-18
Evaluate (9 - 0) + ((27 - -16) + 0 - 53).
-1
Evaluate (-19 - 0) + -12 + 14 + -200 + 100.
-117
Calculate 52 - (70 + 46 + -56).
-8
Evaluate (2 - 121) + 1698 + -1637.
-58
Evaluate -46 - ((15 - 19 - -6) + (2 - -1) - -1).
-52
Calculate -3 - (43 - (35 + -6)).
-17
Evaluate 170 + (-1 - -2) + -85 + 147 + -77.
156
What is (-58 - (-62 + 50)) + 2?
-44
-151 + 201 - (1 + 11) - (-14 + 0)
52
Evaluate (26 - (84 - 42)) + (43 - 1).
26
What is the value of -195 + 383 + -248 - (-11 - (1 - 2))?
-50
What is the value of 13 + -71 + -22 - -27?
-53
-44 + (-16 - (13 + -63))
-10
What is the value of (1 - (0 + -55)) + -99?
-43
(0 - 2) + -29 + (30 - 16)
-17
What is the value of -36 - ((-6 - 1) + (-7 - -2) + 9)?
-33
Evaluate 40 + (-9 - (10 + -13 - -9 - 1)).
26
What is 48 + (-75 - -33) + 76?
82
Calculate (-500 - -460) + (-33 - -2) - (-14 - -1).
-58
What is (-11 + (4 - -20) - 3) + -61 - -14?
-37
What is -7 + (-35 - 5) + 29?
-18
Calculate -9 + -3 + 13 + (0 - 6 - 3).
-8
What is 23 - (-9 - (23 - (6 + 17)))?
32
9 + 6 + (3 - 3 - 4) + -1
10
What is the value of -9 + (49 - 82) + 8 - -81?
47
1076 + -1139 - (5 - 85)
17
What is 85 + -5 + -79 + 20?
21
Evaluate -16 - -22 - 13 - (6 + -4 + -2 - 39).
32
Evaluate 22 + -12 + 12 + -3 + 1 + -10 + 3.
13
-1 + 3 - (-8 - (-75 - (-8 + 23)) - 24)
-56
58 - (13 + 5 + 17 + -52)
75
Calculate (-20 - -24) + -55 + (7 - -4).
-40
What is the value of -357 + 376 + (3 - (-1 - -42) - -3)?
-16
(-6 - -14 - -6 - 19) + 80
75
What is the value of -12 - 0 - (-2 + -23 + -2)?
15
Calculate (27 - (-58 - -91)) + 0 + 22.
16
What is 44 + -105 + 99 + -2 + -10?
26
Calculate 2 + 1 - (8 + -3 + -4) - (-154 - -95).
61
What is the value of (-1 + 0 - (-640 + 626)) + 37?
50
Calculate 20 - (15 + 4 + -11 + 62).
-50
What is the value of 42 - (41 + 23) - 28?
-50
What is the value of -19 + (-43 - (12 + -84))?
10
Calculate -5 - 51 - 6 - -98.
36
What is 124 + -154 - (-28 + -17)?
15
(74 - 50) + -28 + 1 + 23 - -14
34
Evaluate -1 - 0 - -12 - (-12 - ((12 - 1) + -7)).
27
What is (77 - (29 + -47)) + 5 + -7 + (-12 - 0)?
81
What is (-22 - (4 + -23 + 9 + 0)) + 3 + 84?
75
Evaluate -34 - (2 + (3 - -2 - 0) - 9 - -6).
-38
Evaluate -10 - (14 + 2 - (153 + -141)) - 15.
-29
(38 - (-4 + 103)) + 17
-44
1 + 2 - (-3 + ((11 - 88) + 22 - -15))
46
-89 - -93 - (-5 - -34) - (-1 + 7)
-31
What is the value of (8 - (-3 + (2 - 8) + 73)) + -2?
-58
Evaluate -6 + -13 + 6 + 1 + -13 + -15.
-40
4 + (-154 - -189) + -2 + -1
36
What is -3 - (-1 - -46 - 2) - (-1197 + 1211)?
-60
Evaluate 32 + -2 + 111 + -304 + 41.
-122
Calculate -22 + (0 - -17 - 18).
-23
Calculate -121 + -27 + 38 + -3 + 36.
-77
(-14 - 23) + 173 + -27 + -21
88
Calculate -98 - 1 - (2021 - 2105).
-15
Evaluate -17 + -9 + (-2 - 3) + 11.
-20
Calculate -149 - (-128 + 27 - -22).
-70
What is the value of (59 - (-31 - (17 - 32))) + 5 + -5?
75
Evaluate (-32 - 1) + 1 + 13 + -19 + 2.
-36
Evaluate -22 - 16 - (13 - (-8 - (-13 - (5 + -7)))).
-48
What is -30 + (-6 - -9) + (145 - 110)?
8
What is the value of 2 + 26 + -63 + 40 + 98?
103
(0 - 83) + (132 + -245 - -101)
-95
Calculate -27 - (34 + -9 + -15 + -121).
84
-4053 + 3926 + (17 - -1) - (3 + -2 + 0)
-110
What is the value of (67 - 23) + 46 + (2 - 19)?
73
What is 0 + 1 + -44 + (-16 - 73) + 80 - -5?
-47
7 + (0 - -1) + 45 + (-3 + 14 - 11)
53
What is the value of 89 + (0 - 13 - (886 - 901))?
91
Calculate (23 - 37) + -5 - 1 - -25.
5
Calculate -6 + 2 + -6 - (-6 + 14 - 54).
36
Evaluate -40 + 79 + 13 + -75.
-23
What is 6 + (11 - 6 - 4) + (-67 - -119)?
59
(-4 - 5 - 8) + 97 + (-1 - -2)
81
What is the value of -211 + (-13 - -53) + 99?
-72
(-14 - -1 - -18) + 33 - (-12 - -17)
33
Calculate 3 + (-31 - -9 - (-13 + 6 + 3 + 0)).
-15
What is the value of -3 + (86 + -15 - -6) + 3 + 0?
77
What is the value of 104 - (9 - -56) - (-2 + 25)?
16
What is the value of (45 + -7 - -34) + -38?
34
Evaluate 3 - -12 - (-25 - ((13 - 39) + -62)).
-48
What is the value of 2 - 15 - (2 + 3 + -5) - (1598 + -1528)?
-83
What is the value of -8 + 3 - (-28 - -39 - 1 - 56)?
41
Calculate -53 + (-12 - (32 - 36)).
-61
Evaluate (-15 - 4) + 9 - (28 + 60) - (5 - 0).
-103
Evaluate 81 + (112 - 130) + -61.
2
What is 6 + (-4 - -103) + (-2092 - -2098)?
111
Evaluate 131 + -3 - (15 + 15 + -9).
107
51 + (7 - (69 - -32))
-43
Calculate -3 - 2 - ((-1 - 23) + 12 - -11).
-4
What is the value of -40 + -9 + 26 + -64 + 6?
-81
What is the value of (-36 - -44) + (86 - 68)?
26
1 + -26 - (13 + (-127 - -125))
-36
What is the value of (106 - (100 - 45)) + (0 - -2 - (2 + 1))?
50
What is -34 - (21 + -27 + 19) - 6?
-53
-21 + (-4 - 4) - (40 + -26)
-43
Calculate 37 + 13 + (-53 - -54) + (-2 - 24).
25
21 - -76 - (8 + (-2 - (0 + -9)))
82
What is (-22 - -15) + 17 + -1 + -35 - -4?
-22
What is -13 - (-2 + -13 + 23) - (1 + 4)?
-26
What is the value of 6 - -54 - -27 - 163?
-76
What is the value of 105 - 97 - (-2 + (1 - -26 - 1) - 2)?
-14
Calculate 20 + (-5 + (-20 - -37) - (19 + 1)).
12
-22 + 202 + -1 + -98
81
What is the value of 37 - (16 + (-7 - (16 + -13 - -2)))?
33
What is the value of (2 - -6) + -2 + 453 + -449 + 0 + 124?
134
What is -24 - (0 + 9 + 5 + -11 + -3 + 8)?
-32
Calculate -79 - 131 - (-3 + -125).
-82
Calculate 62 - (34 - (49 + -24)).
53
Calculate (172 - -79) + -274 + -2 + 1 + -6 + 2.
-28
Evaluate 117 - ((-26 + 44 - 28) + 12).
115
Eva